e 2*p - 35 - 41 = 0. Let u be (10 + (-184)/16)*(-52)/6. Let g = p - u. What is the units digit of g?
5
Suppose -557600 = 325*v - 350*v. What is the thousands digit of v?
2
Suppose 19*p = -b + 18*p - 3, 4*b + p - 3 = 0. Suppose 4*t - 7462 = 3*f - 9*f, -t + 2486 = b*f. What is the thousands digit of f?
1
Let i = -43 + 73. Suppose -7*r - 16 = -i. What is the units digit of r/6*-236*(-9)/6?
8
Let r be 4501/(-28) + (-2)/8. Let l = r + 330. Suppose a + 0*a = l. What is the units digit of a?
9
Let p be 24/(16/4) + -3. Suppose -p*y + 4*w = 168, 2*w = 4*y - 0*w + 214. Let c = y - -69. What is the units digit of c?
7
Let d = -2236 - -2640. What is the units digit of d?
4
Let w be 45/3*((0 - 2) + 25). Let q = w - 144. What is the tens digit of q?
0
Suppose 5*s = 3*f - 166, 5*s = 8*f - 3*f - 290. Let w = f + -60. What is the units digit of (-1)/((-628)/(-316) - w)?
9
Suppose 19*u - 415548 = -49*u. What is the hundreds digit of u?
1
Let y(p) = 487*p + 369. What is the thousands digit of y(10)?
5
Let u = 18292 + -12176. What is the tens digit of u?
1
Suppose 0 = -4*s + 3*q + 6033, 3*s = -q + 4*q + 4524. What is the thousands digit of s?
1
Suppose -16*i = -11*i + 2835. Let v = -354 - i. What is the tens digit of v?
1
Suppose -3*r + 6*r = -180. Let f be (-10)/r - (1 - 586/12). Suppose f*i = 53*i - 635. What is the tens digit of i?
2
What is the thousands digit of ((-1580)/(-20) + -27)*(266 - -2)?
3
What is the hundreds digit of (-130 - -1)/(96/(-3872))?
2
Suppose 332 = -5*z - 133. Let t = z + 367. What is the tens digit of t?
7
Let h = 285 + -281. Suppose -s - h = 0, 2*s - s - 3052 = -4*m. What is the hundreds digit of m?
7
Suppose 4*q = 4*j + 360, -4*q - 6*j = -9*j - 363. What is the tens digit of q?
9
Let v = 24207 - -6124. What is the tens digit of v?
3
Suppose -758 = -r - 4758*c + 4757*c, 2*r - 1514 = -3*c. What is the tens digit of r?
6
Suppose 0 = -5*u + 11*u - 6. Let x(j) = 62*j**2 + 2*j - 1. Let n be x(u). Let m = -19 + n. What is the units digit of m?
4
Let z = -341 + 415. Suppose -v - 500 = -5*y, y - z = -3*v - 2*v. What is the tens digit of y?
9
Let c = 4238 - -340. What is the hundreds digit of c?
5
Let g(u) = 129 - 62 - 78 + 48*u**2. What is the units digit of g(4)?
7
Suppose 175*z = 160*z + 445905. What is the ten thousands digit of z?
2
Let f(k) = 7*k**2 - k - 1. Let q be f(-1). Suppose 16*l = l + 1110. Suppose l - 704 = -q*d. What is the units digit of d?
0
Let y = 25 + -20. Suppose 3*s + 4*h - 332 = -1170, 4*h = -y*s - 1410. Let p = -128 - s. What is the tens digit of p?
5
Suppose -2*x - 6 = 22. Let m be x/28 + (-478)/(-4). Let n = m - 74. What is the units digit of n?
5
Suppose 0 = -4*w - 0*v - 2*v + 2, 0 = 3*w + 4*v - 14. Let j(q) = -q**2 + 3*q + 6. Let h be j(w). What is the units digit of (-1)/h - 1485/(-44)?
4
Suppose -32*s + 40*s - 11376 = 0. Let p = -1004 + s. What is the units digit of p?
8
Suppose -t = -b - 262, -1322 = -65*t + 60*t + b. What is the hundreds digit of t?
2
Suppose -16*u + 5*u + 61446 = 0. Let o = -3955 + u. Suppose -12*r + o = -5*r. What is the units digit of r?
3
Let o(i) be the second derivative of -i**4/12 - 3*i**3 - 17*i**2/2 + i + 1631. Let s be -9 - (2 + -2)/(-2). What is the tens digit of o(s)?
6
Let z = -5 - 5. What is the hundreds digit of 2/z + (-6258)/(-15)?
4
Let u be -6 - 92/(-16) - (-2)/8. Suppose u = -4*d + 22 + 1922. What is the tens digit of d?
8
Suppose 7*a - 399 - 427 = 0. Let s = a + -110. Suppose -176 = 4*q - s*q. What is the units digit of q?
4
Let u(f) = 21589*f + 9100. What is the units digit of u(3)?
7
Suppose -44*j + 43*j + 804 = 0. Suppose -j*n = -811*n + 5215. What is the tens digit of n?
4
Let l be 3*1 - 10*(-16)/40. Suppose 113 + 251 = l*s. What is the units digit of s?
2
Let p(t) = t**2 - 11*t + 13. Let r(n) = -n + 27. Let b be r(14). Let m be p(b). Suppose 0 = 2*j + m - 449. What is the tens digit of j?
0
Suppose -2*u - 2 + 5 = -w, 5*u - 4 = 3*w. Let i = 7 + 17. Suppose -r - i = -w*r. What is the units digit of r?
4
Let d = 620 + 1261. What is the tens digit of d?
8
What is the ten thousands digit of (13321 + -3)*(-11 + 42/3)?
3
Let r(m) = -6*m + 9. Suppose -3*h - 1 = -2*h + j, 2*h + 5*j + 11 = 0. Let x be r(h). What is the units digit of ((-8)/12 - 0)/(x/522)?
6
Let l(m) = 43562*m - 1226. What is the hundreds digit of l(1)?
3
Let d(b) = -b + 9. Suppose 6*k = -3 + 15. Suppose 0 = k*t - 0 + 24. What is the units digit of d(t)?
1
Suppose p + 276 = 277, -d + 4*p + 4718 = 0. What is the tens digit of d?
2
Suppose 0*u = 4*u, -5*l + u = 215. Let r = -53 - l. What is the tens digit of 8900/76 + r/95?
1
Let s be (7 - 11)*(-3 + 129/(-12)). What is the units digit of (242/s)/((-6)/(-15))?
1
What is the tens digit of ((-29)/(-58))/(((-17)/(-20) - 1)/(-10170))?
0
Suppose 192 = 2*m - 50*m. What is the hundreds digit of ((-20)/m - -1)/(18/1575)?
5
Let f(v) = -v**3 + 8*v**2 - 2*v + 3. Let o be f(9). Suppose -371 = 19*i - 2803. Let x = i + o. What is the units digit of x?
2
Suppose -2*s - 1 = -11. Suppose 3*j - 3*a - 889 = 2*a, -5*j - s*a + 1415 = 0. Let h = j - 189. What is the tens digit of h?
9
Let g = 102259 - 70117. What is the hundreds digit of g?
1
Let c = -111 + 93. Let v be ((-2)/6)/((-3)/c). What is the tens digit of 79 - (-12)/(-10)*5/v?
8
Let n(g) = g**2 - 9*g + 16. Let y be n(8). Let l be (10/(-6))/(y/48). What is the tens digit of (-6)/l - ((-2235)/25 + -4)?
9
Suppose -846 = -29*h - 701. Suppose 1 = -n + 2*n, -4*a = 5*n - 5. Suppose -h*d + 561 = 4*y - 438, 5*y - 4*d - 1300 = a. What is the units digit of y?
6
Suppose 0 = f + 2*a + 5 + 2, 3*a + 27 = 4*f. Suppose 0 = 4*w - 27 + f. Suppose w*y - 5*y - 150 = 0. What is the tens digit of y?
5
Let p(q) = -2*q**2 - 16*q + 70. Let i(r) = -4*r**2 - 31*r + 139. Let h(s) = 6*i(s) - 13*p(s). What is the hundreds digit of h(-23)?
4
Suppose 2*l - 4249 = -4*z + 4697, -3*l - 8971 = -4*z. What is the hundreds digit of z?
2
Let j(u) = -3*u**2 - 83*u - 52. Let z be j(-27). What is the units digit of ((-345)/(-2) - -1)*z?
7
Let h(v) = -683*v - 2795. What is the units digit of h(-25)?
0
Suppose 0 = 4*i - 5*q - 39600, 2591 + 17197 = 2*i - q. What is the thousands digit of i?
9
What is the tens digit of ((-118404)/(-14) - 0) + 40/70?
5
Suppose -13*a = -7*a - 18. What is the tens digit of -4 - a/((-3)/280)?
7
Let t(l) = l**3 + 5*l**2 - 5*l - 1. Let x be t(-5). Suppose x*j - 972 = 22*j. What is the tens digit of j?
8
Let i(b) = -b**3 - 103*b**2 + 623*b - 445. What is the units digit of i(-110)?
5
Let a(h) = 395*h**2 - 19*h + 69. What is the hundreds digit of a(5)?
8
Let v = 7117 + 605. What is the hundreds digit of v?
7
Suppose 2*p = -4*a + 14360, 141*p = 139*p - 3*a + 14363. What is the thousands digit of p?
7
Let v(n) = -8*n**3 - 30*n**2 + 163*n - 16. What is the hundreds digit of v(-18)?
9
Let f = -34 + 35. Let z(m) = 5*m + 2. Let g be z(f). Suppose 11*k - 228 = g*k. What is the tens digit of k?
5
Suppose 5 = -h - 11. Let m be (-2637)/(-12) - (-12)/h. Let o = 310 - m. What is the units digit of o?
1
Let r = -648 - -445. Let n = r + 357. What is the units digit of n?
4
Let t(b) be the first derivative of -14 - 2*b - 2/3*b**3 - 3/2*b**2 - 13*b**4. What is the units digit of t(-1)?
1
Suppose 52 = 4*b + 22*b. Suppose 5*o + 5 = 0, 12*m - 1450 = 9*m - b*o. What is the tens digit of m?
8
Let b = 2310 - 1644. Suppose 2*y - 3362 = b. What is the tens digit of y?
1
Let b(d) = 4*d**2 - 42*d - 17. Let w be b(11). Let y be (-7)/(-28) + (-86)/(-8). Suppose -y*l - w*l = -4544. What is the units digit of l?
4
Suppose 31*s = 36*s - c - 24801, 4*c - 16 = 0. What is the tens digit of s?
6
Let h(f) = -f**3 + 13*f**2 - f + 15. Let y be h(13). Let p(g) = 191*g**2 - 4*g - 14. What is the hundreds digit of p(y)?
7
What is the hundreds digit of 50/(-125) + 1203168/20 - 10?
1
What is the hundreds digit of (-6)/27 + (564568/72 - -1)?
8
Suppose -26*b + 70 = 9*b. Suppose -3*f = -z + 24, b*f = -3*z - 11 + 105. What is the units digit of z?
0
Let p be ((-208)/(-2 - 0))/(2/4). Let m = -97 + -5. Let r = p + m. What is the tens digit of r?
0
Let m(p) = -p - 2. Let q(x) = -21*x + 31. Let s(i) = -3*m(i) - q(i). Let c be s(6). Suppose -72 = -k - 5*f + c, -f + 859 = 5*k. What is the tens digit of k?
7
Let m(w) = 84*w - 311. Let r = -568 - -581. What is the tens digit of m(r)?
8
Let h(j) = 6*j